h + 4*n + 28, -4*n = 4. Calculate the greatest common factor of h and c.
8
Let d be (-330)/((15/(-20))/(1/2)). What is the greatest common factor of d and 20?
20
Let o(s) = s**2 - 7*s + 6. Let a be o(7). Let y be 3*15*a/2. Suppose -y = 4*r - 7*r. Calculate the highest common factor of 5 and r.
5
Suppose 2*w - 2*c = 26, -4*w + 59 = -2*c + 5*c. Calculate the highest common divisor of 7 and w.
7
Let j = 1148 - 735. Let x = -248 + j. Calculate the highest common factor of x and 15.
15
Suppose 6*y - 70 = 170. Let c(u) = 11*u**2 + u. Let f be c(-1). What is the highest common divisor of f and y?
10
Let k(d) be the second derivative of d**4/12 - d**3/6 - d**2 + d. Let u be (-3)/((-3)/4) - 0. Let l be k(u). Calculate the greatest common divisor of l and 5.
5
Let g be 5/(-20) - 58/(-8). Suppose -g = -2*i + 13. Suppose -2*d + 7*d = 25. What is the highest common factor of d and i?
5
Let u be (650/(-3))/((-2)/6). Let x = u + -331. Let l = x + -184. What is the highest common divisor of l and 15?
15
Let m(n) = -n + 19. Let j be m(0). What is the greatest common factor of j and 247?
19
Let j = -4 + 10. Let a be 2/j - (-46)/6. What is the highest common divisor of a and 64?
8
Let g = -18 - -63. Calculate the greatest common divisor of 45 and g.
45
Let f = -5 + 11. Suppose s = f*s - 70. Calculate the highest common factor of s and 42.
14
Suppose -14 = -4*d - 2. Let w be 2*1/(d/6). Suppose -65 - 115 = -w*u. Calculate the greatest common divisor of 9 and u.
9
Let b = 204 + -119. Calculate the greatest common divisor of 34 and b.
17
Let n(u) = -u**3 - u**2 + 2*u. Let x be n(-2). Suppose f = -x + 11. What is the highest common factor of 55 and f?
11
Suppose -7*t = -2*t + 5*n - 130, -2*t - 5*n + 58 = 0. Let r(u) = u**2 - 4*u - 7. Let f be r(-5). Let k = f - 22. What is the greatest common divisor of t and k?
8
Suppose c + 158 = 3*p - 1, -3*c + p - 445 = 0. Let z = c + 237. What is the greatest common factor of 10 and z?
10
Suppose -16 = -z + g, -3*g + 94 = 4*z - g. Let c = 6 - -3. Suppose 0 = h - c - 5. What is the greatest common factor of h and z?
7
Let o be ((-28)/(-6))/((-2)/(-3)). Let q = o + -4. Let l be 0 + 22/(q - 2). Calculate the greatest common factor of l and 2.
2
Let g = -1 - -10. Suppose g*s - 480 = 6*s. Calculate the greatest common divisor of s and 16.
16
Suppose 2 = -f - 6. Let l = 67 - f. What is the greatest common factor of l and 15?
15
Suppose -t = -4*b - 0*b - 8, b = -4*t + 15. Suppose 0*h - 16 = -t*h. What is the highest common factor of 16 and h?
4
Let j be (-1 + -2)/(9/(-6)). Suppose -j*l + 55 = -l. Calculate the greatest common factor of l and 11.
11
Let x = 63 + -56. Calculate the greatest common factor of 7 and x.
7
Suppose -3*j - 1 - 2 = 0. Let l be 15 + j + 2 + -1. Let x be 358/6 - 2/(-6). Calculate the highest common factor of x and l.
15
Let a be 3/4 - 277/(-4). Suppose 4*u - 18 = 22. Calculate the greatest common divisor of a and u.
10
Let u be (1 + 0)/(34/11 + -3). What is the greatest common divisor of u and 55?
11
Let g(b) = -3*b + 8. Let v be g(-6). Suppose 5*m = v + 34. Let q = 4 + m. What is the greatest common divisor of 40 and q?
8
Let b = -47 - -51. What is the greatest common factor of 44 and b?
4
Let a be -2 + -1 + 40 + 0. Let p = 61 - a. What is the highest common divisor of p and 192?
24
Let h be 80/4 + -3 - (-1 + 4). Let l = -36 + 134. What is the highest common factor of h and l?
14
Let w be (-1 - -4) + 4 + 3. Calculate the greatest common factor of 4 and w.
2
Let q = -23 - -47. Calculate the greatest common divisor of 6 and q.
6
Let u be (45/30)/(2 + (-157)/80). What is the highest common factor of u and 24?
8
Let i be (72/(-6))/((-3)/2). Let m(t) = -14*t**3 + 2*t**2 - 3*t. Let k be m(2). Let v be 2/7 + k/(-7). Calculate the greatest common factor of v and i.
8
Let q be 5/((-10)/(-12)) - 2. Suppose 0 = -5*l - 5*t + 55, -5*t = -q*l - l + 75. Calculate the highest common divisor of 104 and l.
13
Suppose 0 = -2*a + 4*a. Suppose -10 = -a*v - v. Let m be ((-8)/v)/(2/(-5)). Calculate the highest common divisor of 1 and m.
1
Let p(l) = -5*l - 5. Let n(t) = -24*t - 24. Let m(b) = 3*n(b) - 14*p(b). Let w be m(-4). Calculate the highest common factor of w and 42.
6
Suppose -b + 14 = 2*k, 2*b - 16 = -0*b + 2*k. Calculate the highest common factor of 25 and b.
5
Suppose h - 3 + 11 = 4*r, 0 = -h + 3*r - 4. Let q(k) = 19*k + 4. Let s be q(4). What is the highest common factor of s and h?
8
Let b be 4/1*4167/6. Suppose 5*r = 2*r + b. Suppose -4*u - 266 + r = 0. Calculate the highest common divisor of u and 15.
15
Let g be -3*(-4)/(-6) + 239. Suppose 3*h + 0*y = 2*y + g, y + 157 = 2*h. What is the greatest common factor of 11 and h?
11
Let h = -4 + 4. Suppose -5*o + 4*s = -h*o, 4*s - 32 = -3*o. What is the greatest common factor of o and 1?
1
Let r = 23 - -198. Suppose r = 2*c + 69. What is the greatest common divisor of c and 19?
19
Let n = -7 + 3. Suppose 5*b = -s + 10, -3*s - 15 = -b - 45. Let f be (4/s)/(n/(-660)). What is the greatest common factor of f and 22?
22
Let c = 2 + 6. What is the greatest common factor of 64 and c?
8
Suppose 4*n + 60 = 3*s, -4*n - 9 = 3. Suppose 0 = 3*x + 4*h + 2, -7 = 3*x + h - 2. Let a = x + 50. What is the highest common factor of s and a?
16
Let o = 0 + 0. Suppose 0 = u + 5*k - 23, o = -5*u - 3*k + 2*k + 19. Suppose 4*v - 4 = 8. Calculate the highest common factor of v and u.
3
Let q be 2/(-5) - (-634)/10. Let c(f) = 22*f - 5. Let k be c(5). Suppose 2*m + 3*m - k = 0. What is the highest common divisor of m and q?
21
Let b be 1*11/(-2)*-2. Calculate the highest common divisor of 99 and b.
11
Let p = 31 - -9. Let h = 8 + -3. What is the highest common factor of h and p?
5
Let c be (-26)/(-5) - 4/20. Suppose -c*i + 2*k = -717, 5*i - 4*k - 720 = k. Let d be (26 + (2 - 2))/2. What is the highest common divisor of d and i?
13
Let f(g) = 2*g**3 - 2*g**2 + 2*g - 1. Let p be f(1). What is the greatest common factor of 9 and p?
1
Suppose 0 = j - 6*j + 55. Calculate the greatest common factor of 121 and j.
11
Let w(k) = -2*k**3 - 2*k**2 + k. Let j be w(1). Let m = 5 + j. Let t be -1 + (-1)/(m/(-42)). Calculate the highest common divisor of 5 and t.
5
Let i(l) = l + 1. Let n be i(1). Let h = n - -1. Suppose -h*j - 2*j = -30. What is the highest common factor of j and 30?
6
Let i(j) = 3*j. Let q be i(3). Calculate the greatest common divisor of 1 and q.
1
Let r(c) = 3*c**2 - 3*c - 2. Let q be r(-2). Let p = -9 - -13. Suppose -4*w = -p*x, 5*w - 6 = -3*x + 10. What is the greatest common divisor of x and q?
2
Let a(q) = q**3 + 7*q**2 - q + 22. Let c be a(-6). Calculate the greatest common factor of c and 48.
16
Suppose 2*b - 59 = -5*i + 4*b, 0 = -4*b - 8. Let y = i - -13. Calculate the greatest common divisor of y and 36.
12
Suppose -2*i = 4*b - 4*i - 156, -3*b = -4*i - 122. What is the greatest common factor of b and 304?
38
Let a = -45 + 67. What is the highest common divisor of a and 198?
22
Let n be (4/(-10))/((-4)/260). Let f be (-646)/(-10) + (-6)/(-15). Calculate the highest common divisor of n and f.
13
Let q = -1 + 16. Let i be (-2)/(-5) + 24/q. Suppose 0 - 5 = -k. Calculate the highest common factor of k and i.
1
Let s(r) = -r**2 + 4*r + 8. Let i be s(5). Suppose 5*q + h - 84 = 2*h, -i*q + 2*h + 56 = 0. Calculate the highest common divisor of q and 2.
2
Let g(r) = 0*r**2 - r**2 + 2*r**3 + 9 + r - r**3. Let b be g(0). Let j(v) = v**2 + 10*v + 1. Let a be j(-10). Calculate the greatest common divisor of b and a.
1
Suppose 5*i - 55 = 275. Let x(b) = b + 3. Let g be x(-8). Let k(a) = -a**3 - 4*a**2 + 4*a + 1. Let c be k(g). Calculate the greatest common divisor of i and c.
6
Let x be (8/(-3))/(2/(-9)). Let l = 3 + -2. Let i be l/3 - (-53)/3. Calculate the greatest common divisor of i and x.
6
Let q be 16 - (-2 + -1 + 1). Suppose 4*b = 2*t - q, 4*b = -4*t + 2*t - 14. Let o be 54/15 - (-2)/5. Calculate the highest common divisor of o and t.
1
Let t be 6/9 + 4 - (-3)/9. Suppose 0 = -5*x + x + 140. Calculate the greatest common divisor of x and t.
5
Suppose 3*q - 5*q = -26. What is the highest common divisor of 91 and q?
13
Let y be 208/6*9/2. Suppose 0*b - y = -3*b. What is the highest common divisor of 13 and b?
13
Let q(v) = -3*v**2 + 2*v. Let p be q(2). Let o = p + 13. Suppose 3*s + 0 - 79 = -4*c,